 (base 10) to base 15
-4
-132 (base 8) to base 3
-10100
What is -11 (base 8) in base 12?
-9
Convert -10 (base 4) to base 2.
-100
Convert 28 (base 15) to base 8.
46
What is -1 (base 7) in base 2?
-1
-b8 (base 16) to base 10
-184
-7 (base 12) to base 14
-7
What is 1 (base 3) in base 15?
1
What is -17 (base 9) in base 7?
-22
-1 (base 4) to base 6
-1
33 (base 9) to base 2
11110
-25 (base 14) to base 4
-201
-2 (base 7) to base 2
-10
10000 (base 2) to base 14
12
Convert 0 (base 8) to base 7.
0
15 (base 6) to base 8
13
401 (base 5) to base 2
1100101
What is 36 (base 12) in base 7?
60
-11 (base 3) to base 9
-4
What is -259 (base 11) in base 14?
-17c
What is 1102 (base 3) in base 2?
100110
What is -16 (base 7) in base 9?
-14
Convert 48 (base 16) to base 3.
2200
38 (base 12) to base 10
44
What is 82 (base 14) in base 5?
424
What is 23a (base 11) in base 2?
100011101
What is -4a (base 12) in base 6?
-134
What is 0 (base 14) in base 16?
0
Convert -102 (base 12) to base 10.
-146
-3 (base 13) to base 4
-3
What is 112 (base 3) in base 2?
1110
What is 36 (base 12) in base 13?
33
What is -2 (base 11) in base 2?
-10
What is -10 (base 4) in base 2?
-100
Convert -465 (base 7) to base 5.
-1433
232 (base 4) to base 15
31
Convert 2013 (base 4) to base 14.
99
31 (base 7) to base 10
22
What is -204 (base 8) in base 16?
-84
What is 2b (base 15) in base 3?
1112
273 (base 8) to base 5
1222
20 (base 14) to base 16
1c
4 (base 15) to base 10
4
Convert -4 (base 13) to base 7.
-4
2 (base 6) to base 15
2
Convert -4 (base 13) to base 5.
-4
Convert 100011 (base 2) to base 15.
25
What is -3 (base 16) in base 13?
-3
Convert 7 (base 8) to base 9.
7
Convert 163 (base 7) to base 10.
94
-13 (base 7) to base 4
-22
What is -1055 (base 7) in base 10?
-383
1 (base 15) to base 16
1
What is 20 (base 3) in base 10?
6
9d (base 14) to base 11
117
What is -3 (base 15) in base 10?
-3
5 (base 10) to base 5
10
What is 200 (base 3) in base 10?
18
Convert 16 (base 12) to base 9.
20
Convert 28 (base 12) to base 4.
200
Convert -8 (base 9) to base 13.
-8
1000 (base 2) to base 16
8
Convert 4d (base 14) to base 8.
105
What is -16 (base 11) in base 5?
-32
Convert -143 (base 5) to base 3.
-1210
-4d (base 15) to base 6
-201
What is -103 (base 9) in base 14?
-60
1101 (base 4) to base 13
63
Convert 6 (base 8) to base 12.
6
10 (base 2) to base 6
2
Convert 8 (base 14) to base 15.
8
0 (base 8) to base 14
0
Convert -21 (base 10) to base 12.
-19
What is -10 (base 4) in base 3?
-11
What is 2 (base 10) in base 5?
2
Convert -35 (base 7) to base 10.
-26
Convert 3 (base 10) to base 2.
11
What is 1 (base 4) in base 11?
1
2 (base 3) to base 8
2
-37 (base 14) to base 9
-54
What is 0 (base 7) in base 5?
0
Convert -9 (base 11) to base 12.
-9
Convert -11 (base 2) to base 3.
-10
-172 (base 15) to base 7
-653
What is -3 (base 4) in base 6?
-3
31 (base 8) to base 9
27
-40 (base 12) to base 11
-44
What is -22 (base 8) in base 4?
-102
-22 (base 4) to base 12
-a
What is -45 (base 11) in base 10?
-49
What is 14c (base 13) in base 8?
351
1 (base 9) to base 12
1
Convert -3 (base 7) to base 3.
-10
Convert -5 (base 15) to base 4.
-11
Convert 0 (base 13) to base 3.
0
Convert 221 (base 3) to base 4.
121
-2 (base 12) to base 9
-2
4c (base 14) to base 6
152
What is -11012 (base 3) in base 11?
-a3
52 (base 6) to base 5
112
Convert 5 (base 13) to base 8.
5
Convert -110111 (base 2) to base 9.
-61
-3 (base 7) to base 3
-10
Convert 3011 (base 4) to base 13.
122
Convert 55 (base 9) to base 2.
110010
What is -51 (base 11) in base 6?
-132
What is -47 (base 9) in base 7?
-61
Convert -1 (base 12) to base 7.
-1
What is 2 (base 16) in base 14?
2
Convert -11 (base 7) to base 15.
-8
What is 45 (base 8) in base 13?
2b
6 (base 16) to base 14
6
What is 19 (base 13) in base 9?
24
What is -7 (base 13) in base 4?
-13
Convert -350 (base 11) to base 12.
-2aa
-12 (base 12) to base 5
-24
101 (base 4) to base 12
15
What is 7b (base 16) in base 10?
123
Convert e (base 15) to base 4.
32
What is -1202 (base 3) in base 2?
-101111
Convert -12 (base 3) to base 9.
-5
0 (base 15) to base 5
0
Convert -c (base 14) to base 3.
-110
Convert -2 (base 5) to base 15.
-2
10 (base 6) to base 4
12
What is 12 (base 7) in base 6?
13
What is 12 (base 8) in base 5?
20
Convert -77 (base 8) to base 9.
-70
1132 (base 4) to base 2
1011110
What is -1b (base 16) in base 15?
-1c
Convert 101 (base 6) to base 16.
25
-2 (base 16) to base 5
-2
What is -202 (base 8) in base 5?
-1010
What is 2 (base 8) in base 15?
2
Convert 23 (base 5) to base 7.
16
What is -70 (base 9) in base 15?
-43
Convert -3a (base 11) to base 15.
-2d
What is -29 (base 15) in base 3?
-1110
Convert 3 (base 16) to base 7.
3
What is 16 (base 14) in base 6?
32
-a (base 15) to base 10
-10
What is 0 (base 8) in base 2?
0
What is -12 (base 9) in base 11?
-10
-205 (base 8) to base 14
-97
What is -1 (base 15) in base 4?
-1
Convert -2 (base 16) to base 15.
-2
What is -116 (base 12) in base 16?
-a2
Convert -25 (base 13) to base 9.
-34
-370 (base 9) to base 10
-306
57 (base 11) to base 8
76
Convert a (base 11) to base 2.
1010
1 (base 3) to base 9
1
What is -4 (base 9) in base 7?
-4
Convert -11 (base 7) to base 3.
-22
-13 (base 7) to base 14
-a
What is -8 (base 14) in base 9?
-8
Convert -4b (base 13) to base 9.
-70
What is 5 (base 14) in base 3?
12
Convert -7 (base 12) to base 2.
-111
What is 1 (base 13) in base 4?
1
-10 (base 2) to base 8
-2
Convert 23 (base 9) to base 2.
10101
32 (base 4) to base 6
22
4 (base 15) to base 12
4
What is 5 (base 16) in base 10?
5
Convert 2 (base 11) to base 7.
2
Convert 5c (base 16) to base 15.
62
Convert -1 (base 6) to base 9.
-1
What is 1 (base 2) in base 6?
1
What is -a0 (base 13) in base 3?
-11211
-62 (base 12) to base 6
-202
What is 210 (base 4) in base 2?
100100
-2 (base 6) to base 9
-2
Convert 3 (base 14) to base 16.
3
6 (base 11) to base 2
110
What is -3 (base 6) in base 7?
-3
-1 (base 16) to base 7
-1
-21 (base 10) to base 15
-16
Convert -14 (base 7) to base 2.
-1011
5 (base 8) to base 10
5
29 (base 14) to base 2
100101
What is 57 (base 14) in base 10?
77
-3 (base 8) to base 2
-11
What is -3 (base 10) in base 7?
-3
1 (base 7) to base 11
1
Convert -19 (base 12) to base 7.
-30
16 (base 10) to base 11
15
11 (base 14) to base 7
21
-22211 (base 3) to base 16
-ee
94 (base 13) to base 15
81
What is 1021 (base 3) in base 7?
46
-35 (base 12) to base 4
-221
What is -3 (base 8) in base 4?
-3
18 (base 12) to base 10
20
What is -23 (base 9) in base 11?
-1a
Convert 14 (base 6) to base 5.
20
What is 1 (base 12) in base 7?
1
Convert 36 (base 16) to base 11.
4a
43 (base 5) to base 2
10111
Convert 56 (base 13) to base 16.
47
-1 (base 8) to base 2
-1
What is -1 (base 9) in base 11?
-1
Convert -24 (base 5) to base 13.
-11
1 (base 6) to base 5
1
-6 (base 15) to base 3
-20
What is 1 (base 14) in base 5?
1
32 (base 10) to base 13
26
3 (base 15) to base 7
3
Convert -10 (base 9) to base 4.
-21
Convert 1 (base 7) to base 3.
1
13 (base 10) to base 3
111
4 (base 13) to base 15
4
What is -1101 (base 2) in base 12?
-11
What is 10 (base 10) in base 4?
22
What is c (base 13) in base 10?
12
-199 (base 14) to base 16
-14b
What is -b2 (base 12) in base 15?
-8e
Convert -4 (base 10) to base 11.
-4
What is 31 (base 9) in base 4?
130
What is -10210 (base 3) in base 11?
-93
Convert 1 (base 12) to base 4.
1
-131 (base 6) to base 7
-106
Convert -5 (base 13) to base 9.
-5
11 (base 2) to base 7
3
What is 167 (base 8) in base 9?
142
9b (base 14) to base 3
12002
What is -5 (base 6) in base 7?
-5
-426 (base 7) to base 8
-330
What is -3 (base 11) in base 4?
-3
37 (base 13) to base 4
232
What is -5 (base 11) in base 14?
-5
3 (base 6) to base 3
10
Convert 6 (base 10) to base 15.
6
What is -8 (base 11) in base 6?
-12
Convert 15 (base 11) to base 4.
100
-150 (base 7) to base 3
-10010
What is -22 (base 3) in base 11?
-8
Convert 5b (base 14) to base 12.
69
What is -1110000 (base 2) in base 13?
-88
What is 3 (base 13) in base 4?
3
What is -136 (base 8) in base 13?
-73
What is -10 (base 4) in base 7?
-4
-10000111 (base 2) to base 5
-1020
1100 (base 2) to base 7
15
What is 0 (base 5) in base 2?
0
1 (base 13) to base 8
1
What is 10 (base 6) in base 3?
20
What is -10001010 (base 2) in base 11?
-116
2 (base 12) to base 6
2
15 (base 6) to base 12
b
-224 (